rime factors of 6656251.
7, 19, 50047
List the prime factors of 1092812.
2, 7, 31, 1259
What are the prime factors of 6899084?
2, 73, 23627
List the prime factors of 2688577.
827, 3251
What are the prime factors of 7511154?
2, 3, 7, 43, 4159
List the prime factors of 1698920.
2, 5, 42473
List the prime factors of 355978.
2, 7, 47, 541
List the prime factors of 7963170.
2, 3, 5, 43, 6173
List the prime factors of 13369723.
79, 83, 2039
List the prime factors of 311641.
11, 41, 691
List the prime factors of 14787505.
5, 23, 149, 863
List the prime factors of 1204457.
29, 41, 1013
List the prime factors of 704263.
7, 100609
List the prime factors of 52826.
2, 61, 433
What are the prime factors of 5742279?
3, 212677
What are the prime factors of 17543102?
2, 8771551
What are the prime factors of 151356?
2, 3, 12613
What are the prime factors of 998997?
3, 53, 61, 103
What are the prime factors of 462061?
19, 83, 293
List the prime factors of 9852069.
3, 3284023
What are the prime factors of 7162123?
43, 166561
List the prime factors of 393518.
2, 41, 4799
What are the prime factors of 551172?
2, 3, 23, 1997
List the prime factors of 1635801.
3, 545267
What are the prime factors of 1124563?
11, 102233
What are the prime factors of 150359?
11, 13669
What are the prime factors of 2018290?
2, 5, 201829
What are the prime factors of 108018?
2, 3, 17, 353
What are the prime factors of 2409779?
23, 104773
List the prime factors of 683811.
3, 75979
List the prime factors of 487513.
13, 37501
What are the prime factors of 1122904?
2, 140363
What are the prime factors of 1335?
3, 5, 89
List the prime factors of 7686365.
5, 311, 4943
List the prime factors of 522891.
3, 58099
List the prime factors of 7431283.
7431283
What are the prime factors of 1929405?
3, 5, 293, 439
List the prime factors of 14565286.
2, 19, 383297
What are the prime factors of 5705987?
7, 815141
List the prime factors of 19745.
5, 11, 359
What are the prime factors of 473243?
47, 10069
What are the prime factors of 39305?
5, 7, 1123
List the prime factors of 706333.
17, 41549
List the prime factors of 318058.
2, 13, 941
What are the prime factors of 4039233?
3, 11, 122401
List the prime factors of 14960892.
2, 3, 97, 12853
List the prime factors of 52742.
2, 26371
What are the prime factors of 1195437?
3, 41, 9719
List the prime factors of 1856210.
2, 5, 185621
List the prime factors of 731529.
3, 81281
What are the prime factors of 57556?
2, 14389
What are the prime factors of 122291?
13, 23, 409
List the prime factors of 79901.
79901
What are the prime factors of 34547?
179, 193
What are the prime factors of 1525131?
3, 97, 1747
List the prime factors of 10283237.
19, 373, 1451
What are the prime factors of 297825?
3, 5, 11, 19
What are the prime factors of 1580706?
2, 3, 137, 641
List the prime factors of 964722.
2, 3, 11, 47, 311
What are the prime factors of 224006?
2, 31, 3613
List the prime factors of 10806978.
2, 3, 7, 13, 19793
List the prime factors of 117681.
3, 39227
List the prime factors of 70706.
2, 35353
List the prime factors of 2608800.
2, 3, 5, 1087
What are the prime factors of 7326012?
2, 3, 610501
What are the prime factors of 2267803?
359, 6317
What are the prime factors of 1225446?
2, 3, 167, 1223
List the prime factors of 4648515.
3, 5, 43, 7207
What are the prime factors of 697747?
107, 6521
List the prime factors of 4320780.
2, 3, 5, 23, 31, 101
What are the prime factors of 424109?
7, 43, 1409
List the prime factors of 1316800.
2, 5, 823
What are the prime factors of 20696772?
2, 3, 89, 19379
List the prime factors of 33649.
7, 11, 19, 23
List the prime factors of 216569.
216569
List the prime factors of 992288.
2, 11, 2819
What are the prime factors of 9625847?
7, 11, 149, 839
What are the prime factors of 1750075?
5, 70003
List the prime factors of 406903.
7, 58129
What are the prime factors of 6994348?
2, 1748587
What are the prime factors of 352015?
5, 23, 3061
List the prime factors of 1922876.
2, 19, 25301
List the prime factors of 561474.
2, 3, 31193
List the prime factors of 776602.
2, 388301
What are the prime factors of 379865?
5, 17, 41, 109
What are the prime factors of 291122?
2, 13, 11197
List the prime factors of 271075.
5, 7, 1549
List the prime factors of 2091696.
2, 3, 43577
List the prime factors of 21741.
3, 7247
List the prime factors of 26624883.
3, 2137, 4153
List the prime factors of 8809041.
3, 71, 41357
List the prime factors of 525876.
2, 3, 13, 3371
What are the prime factors of 21765?
3, 5, 1451
What are the prime factors of 528877?
528877
What are the prime factors of 181702?
2, 47, 1933
What are the prime factors of 1030843?
11, 31, 3023
List the prime factors of 1897747.
89, 21323
What are the prime factors of 13322470?
2, 5, 7, 190321
What are the prime factors of 9872381?
19, 503, 1033
List the prime factors of 3795243.
3, 1265081
List the prime factors of 623663.
349, 1787
What are the prime factors of 264463?
264463
What are the prime factors of 13216305?
3, 5, 19, 79, 587
What are the prime factors of 2677620?
2, 3, 5, 11, 4057
List the prime factors of 222964.
2, 7, 7963
What are the prime factors of 192201?
3, 64067
List the prime factors of 5368606.
2, 83, 32341
List the prime factors of 5484225.
3, 5, 83, 881
What are the prime factors of 6418113?
3, 13, 12659
What are the prime factors of 740887?
7, 53, 1997
List the prime factors of 108655.
5, 31, 701
What are the prime factors of 1898769?
3, 632923
What are the prime factors of 891532?
2, 222883
What are the prime factors of 5243348?
2, 11, 269, 443
List the prime factors of 2139523.
463, 4621
List the prime factors of 7899907.
37, 89, 2399
List the prime factors of 8111414.
2, 17, 61, 3911
What are the prime factors of 263469?
3, 31, 2833
List the prime factors of 830348.
2, 17, 12211
List the prime factors of 24744046.
2, 37, 334379
What are the prime factors of 428642?
2, 107, 2003
List the prime factors of 15194013.
3, 37, 136883
List the prime factors of 14750059.
53, 59, 89
What are the prime factors of 780608?
2, 12197
What are the prime factors of 10082405?
5, 433, 4657
What are the prime factors of 178852?
2, 61, 733
List the prime factors of 1173313.
191, 6143
List the prime factors of 22539542.
2, 31, 363541
List the prime factors of 949527.
3, 105503
What are the prime factors of 404891?
31, 37, 353
What are the prime factors of 901934?
2, 11, 3727
List the prime factors of 297116.
2, 74279
What are the prime factors of 1208556?
2, 3, 59, 569
What are the prime factors of 9200353?
97, 94849
List the prime factors of 289535.
5, 79, 733
List the prime factors of 1921799.
11, 17, 43, 239
List the prime factors of 399393.
3, 199, 223
What are the prime factors of 34763274?
2, 3, 7, 13, 19, 1117
What are the prime factors of 207904?
2, 73, 89
List the prime factors of 596886.
2, 3, 53, 1877
List the prime factors of 830568.
2, 3, 34607
What are the prime factors of 11255525?
5, 41, 79, 139
List the prime factors of 67970.
2, 5, 7, 971
What are the prime factors of 1121889?
3, 373963
List the prime factors of 106387.
191, 557
List the prime factors of 1753331.
1087, 1613
What are the prime factors of 5643738?
2, 3, 241, 1301
What are the prime factors of 232415?
5, 23, 43, 47
List the prime factors of 561913.
11, 23, 2221
List the prime factors of 446483.
137, 3259
List the prime factors of 327803.
7, 46829
List the prime factors of 1258121.
457, 2753
What are the prime factors of 25992542?
2, 12996271
What are the prime factors of 1595883?
3, 53, 10037
List the prime factors of 792536.
2, 157, 631
List the prime factors of 122996.
2, 97, 317
List the prime factors of 22495572.
2, 3, 11, 56807
What are the prime factors of 5926726?
2, 13, 227951
What are the prime factors of 7612578?
2, 3, 19, 22259
List the prime factors of 137235.
3, 5, 7, 1307
What are the prime factors of 47447?
17, 2791
List the prime factors of 7102290.
2, 3, 5, 13, 18211
List the prime factors of 78989.
78989
List the prime factors of 290506.
2, 145253
What are the prime factors of 3510109?
17, 206477
List the prime factors of 11799467.
11799467
List the prime factors of 756367.
193, 3919
List the prime factors of 201478.
2, 131, 769
What are the prime factors of 69225?
3, 5, 13, 